 -4 + 4. Suppose -p*b + 27 = -n*b. What is the units digit of b?
9
Let b(l) = -3*l + 11. Let m(t) = t + 5. Let y be m(-10). What is the units digit of b(y)?
6
Let n = -2 - -1. Let g be n/(2/(-36)) + -2. Let d = 2 + g. What is the units digit of d?
8
Let x = 32 + -4. Suppose -4*n = 8 - x. What is the units digit of n?
5
Suppose -3*k = -k + 8. Let j = k - -13. What is the units digit of j?
9
Let j = 54 - 32. What is the tens digit of (2 - 3)/((-2)/j)?
1
Let f = -1 + 2. Suppose -2*c + 2 = -4*o, 7 + f = 4*c - 4*o. Suppose -p + 0*p = -5*j - 3, c*j = -4*p + 12. What is the units digit of p?
3
Let s = 127 - 35. What is the tens digit of s?
9
Let d be -1*(0 + 1 + -1). Let j be -1*(3 + 45/(-3)). Let u = j - d. What is the units digit of u?
2
Suppose 4 + 2 = 3*u. Suppose u*o + 2*m - 14 = 0, -m - 45 = -2*o - 16. What is the tens digit of o?
1
Suppose 0 = -5*r - 0*r + 25. Suppose -o - 20 = -r*o. Suppose 4*q + o*k - 10 - 1 = 0, 5*q = 3*k + 60. What is the units digit of q?
9
Let p = 14 - 10. Suppose -3*s - p*t = -s + 10, 2*s - 4*t = 22. What is the units digit of s?
3
Suppose 2*u - 3*u + 97 = x, -3*u = -4*x + 374. What is the units digit of x?
5
Let t(k) = k**3 + 3*k**2 + 4*k - 2. What is the tens digit of t(3)?
6
Let r(i) = 5*i**2 - 5*i**3 + 4 + 0*i**3 + 4*i**3. What is the units digit of r(4)?
0
Let d = 0 - -5. Suppose -9*r = -d*r - 192. What is the units digit of r?
8
Let p(y) = -y**2 + 1. Let k(w) = w**3 - 12*w**2 + 10*w - 2. Let v(h) = -k(h) + 4*p(h). Let t be v(6). Let o = 28 - t. What is the units digit of o?
0
Let r(x) = x**3 - 6*x**2 + 4*x + 6. Let t = -16 - -48. Suppose 5*i + 7 = t. What is the units digit of r(i)?
1
Let j = 191 - 102. What is the units digit of j?
9
Let k(m) be the second derivative of m**3/6 + 6*m**2 + 2*m. Let r(o) = -o**3 - 2*o**2 - o. Let c be r(-1). What is the tens digit of k(c)?
1
Let i(v) = 2*v**2 - 4*v. Let z be i(3). Let r(k) = 6*k**3 + z + k**2 - k - 6. What is the units digit of r(1)?
6
Suppose 0 = 2*m - 10*m + 88. What is the tens digit of m?
1
Suppose 3*t + 3*w = -60, t + t = 5*w - 54. Suppose q + 35 = -4*q. Let x = q - t. What is the tens digit of x?
1
Let t(n) = -n + 22. Let i be t(10). Let h = 24 - i. What is the units digit of h?
2
Suppose 0*c - 122 = -c. What is the hundreds digit of c?
1
Let w(a) be the third derivative of a**5/10 - a**4/12 - 2*a**3/3 - 6*a**2. What is the tens digit of w(3)?
4
Let c(k) = -k**2 - 8*k. Let p = -19 - -13. What is the units digit of c(p)?
2
What is the tens digit of (2/4)/(-3 + 9635/3210)?
2
What is the tens digit of ((-207)/5 - 1)/(24/(-60))?
0
Let o(u) = -2*u**3 - u**2 + 5*u + 3. Let w be o(-3). Suppose 0*i + 4*i - w = -5*a, -3*i + 27 = 3*a. What is the units digit of i?
2
Let o(m) = -m**2 + 10*m - 8. Let z be o(9). Let q be z - 0 - (2 - 9). Suppose 0*j + j = q. What is the units digit of j?
8
Suppose -5*s = -s. Let z(p) = 3*p - 2. Let t be z(2). Suppose t*j - 16 = -s*j. What is the units digit of j?
4
Let s(x) be the second derivative of x**5/20 - x**4/24 - x**3/6 - x**2/2 + x. Let h(p) be the first derivative of s(p). What is the units digit of h(-1)?
3
Let r(l) = 2*l + 3. Let s be r(6). Suppose 23 = 6*g + 11. Let i = s - g. What is the units digit of i?
3
Let a = -2 + 4. Let s be 100/8*-1*a. Let n = s - -35. What is the tens digit of n?
1
Suppose -n = s - 110, 4*n - 3*n + 2*s = 112. What is the units digit of n?
8
Let c(r) = r - 17. Let x be c(19). Suppose u = -0 + 2. Suppose b + x*i + 2*i - 9 = 0, 0 = -4*b + u*i. What is the units digit of b?
1
Let p be 23 - 1*(0 + -2). Suppose 4*u - h + 6*h = -p, h = -u - 5. Suppose u = -4*t - 4*l + 52, -3*t + 4*l = 3*l - 23. What is the units digit of t?
9
Let q = -147 - -291. Suppose 0 = -5*d - q + 39. What is the units digit of (-116)/(-14) - (-6)/d?
8
Let a(p) = p**3 - 8*p**2 + 15*p - 16. What is the hundreds digit of a(8)?
1
Let w = -78 - -284. What is the hundreds digit of w?
2
Let l(q) = 4*q - 4. Let v be l(6). Let c(s) = -3*s - 1. Let z be c(4). Let u = z + v. What is the units digit of u?
7
Suppose -26 = 4*o - 78. Let t(w) = -w + 1. Let g be t(-4). Suppose 2*z - 4 = 2*c, -o - 37 = -5*z - g*c. What is the units digit of z?
6
Suppose 102 = 2*q + q. Let b = q - 15. What is the units digit of b?
9
Let x(j) = j**3 - j**2 + 4*j + 5. Let k(p) = -p**3 - 5*p - 5. Let o(g) = 3*k(g) + 4*x(g). Let t be o(4). Suppose -2*d + 11 + t = 0. What is the tens digit of d?
1
Suppose 2*x = 4*v - 34, 7*x - 2*x = -5*v + 35. What is the tens digit of 462/24 - 2/v?
1
Suppose 0 = 3*a + 3. Let r be -21*(2 + 8/(-6)). Let t = a - r. What is the units digit of t?
3
Let b(h) = -9*h + 1. Let s be b(1). Let o = -18 - s. What is the units digit of 15/o*16/(-3)?
8
Let j = -18 + 21. Suppose -f = 3*d + 1, 0*d - 4 = -j*f - 2*d. What is the units digit of f?
2
Suppose -7*y + 2*y + 5 = 0. Let b(i) = 12*i. What is the tens digit of b(y)?
1
Let w(l) = l + 2. Let q be w(-2). Suppose 75 = -q*h + 3*h. Let n = h - 15. What is the units digit of n?
0
Suppose 0*u - 18 = -3*u. Let z = u + -3. What is the units digit of (8/z)/(2/6)?
8
Suppose h + 0*h = 6. What is the units digit of h?
6
What is the tens digit of (6/9)/(-1)*-15?
1
Suppose 405 = 5*x - 0*x + 5*l, 0 = 3*x - 4*l - 229. What is the units digit of x?
9
Suppose 1 = -5*g - 9, 2*b + 3*g - 40 = 0. Let o be (-2 + 0)/1 + 7. Suppose -v - 3*r = -13, 2*v + o*r = -v + b. What is the units digit of v?
1
Let r = 97 + -39. Suppose 4*f - 174 = -r. What is the tens digit of f?
2
Let x = -69 + 185. What is the units digit of x?
6
Let g(i) = 21*i**3 + 9*i**3 - 2*i**3 + 2*i - 2 - 4*i**3. What is the tens digit of g(1)?
2
Suppose 4*f - 22 = 22. Suppose h + f = 2*h. What is the tens digit of h?
1
Let k = -50 + 274. What is the hundreds digit of k?
2
Let q = 4 - 1. Suppose q*t + 50 = -2*t. What is the units digit of t/5*8/(-2)?
8
Let k = 9 - 6. Suppose 8*i = 3*i + 10. Suppose -s - k = -i*s. What is the units digit of s?
3
Let y = -25 - 49. What is the units digit of y/(-10) + 3/5?
8
Let d(u) = -u**3 + 6*u**2 + 8*u - 2. Let x be d(7). Suppose 0 = -5*b + m + 14, -m = b - x*m + 1. What is the units digit of b?
3
Let n = 41 - 23. Let c be -1 + 3 + -2 - -1. What is the units digit of c/(-3*(-3)/n)?
2
Let h(q) be the third derivative of 13*q**4/24 + q**3/6 - q**2. What is the units digit of h(1)?
4
Let k(r) = r + 10. Suppose 3*o - 24 = 7*o. Let v be k(o). Suppose -v*a + 11 = -9. What is the units digit of a?
5
Let m be (1/(-2))/(12/(-120)). Suppose 270 = m*l + 5*y, 495 - 207 = 5*l - y. What is the tens digit of l?
5
What is the units digit of (-2)/(-3)*(-318)/(-4)?
3
Let i = 15 + -7. What is the units digit of i?
8
Let z = -6 + 8. Suppose -h = 3*t - 6*h - z, 0 = -t + 3*h - 6. Let w = -4 + t. What is the units digit of w?
5
Let y(q) be the second derivative of -5*q**3/6 - 3*q**2/2 + 3*q. Let z be y(-4). Let r = z - 10. What is the units digit of r?
7
Let s = -9 - -6. Let q(p) = -p**3 - 2*p**2 + 1. What is the units digit of q(s)?
0
Let l = -15 + 16. What is the units digit of 8 - (0 - l)*-3?
5
Let i(m) = -7*m + 5. What is the units digit of i(-4)?
3
Suppose 5*f + 2*f = 917. What is the units digit of f?
1
Let i be 4/8*10 - -3. Let s(n) = -n**3 + 8*n**2 + 3*n + 6. What is the tens digit of s(i)?
3
Suppose -4 = -2*l - 0, 2*z - 4*l = 84. Let x = z - 24. What is the units digit of x?
2
Suppose c - 20 = 6*c, 3*k - 4*c = 4. Let s = 3 - k. Suppose s*p - 2*p = 50. What is the units digit of p?
0
Let i = -3 - -5. What is the units digit of i*-9*2/(-4)?
9
Suppose 0 = -2*v + 4*j + 12, -5*j + 24 = 2*v + 2*v. Suppose -1 = -2*n + 5, -3*t = n - v. What is the units digit of t?
1
Suppose 0 = -0*o - 2*o + 42. Let w = o + -6. What is the tens digit of w?
1
Let r be ((-3)/(-5))/(8/120). Suppose 0 = -u + r - 3. Suppose -3*n = -0 - u. What is the units digit of n?
2
Suppose 55 = 2*r + 5*q, 5*r - 2*q - 5 - 89 = 0. What is the tens digit of r?
2
Suppose 0 = 5*v - 15. Suppose 3*i = -5*l + 28, -i = -v*i + 4*l + 26. What is the tens digit of i?
1
Let v = -3 - -27. Let h = -14 + v. What is the units digit of h?
0
Suppose -2*o + 230 = -94. What is the hundreds digit of o?
1
Let o = 57 - 32. Let t = 64 - o. What is the units digit of t?
9
What is the units digit of 1 - 0 - -1 - -18?
0
Suppose -2*g + 81 = 5. What is the units digit of g?
8
Let k = 15 - 21. What is the unit